 968 is divided by 137?
9
Calculate the remainder when 65 is divided by 30.
5
What is the remainder when 5706 is divided by 247?
25
Calculate the remainder when 628 is divided by 30.
28
What is the remainder when 326 is divided by 66?
62
Calculate the remainder when 13726 is divided by 26.
24
What is the remainder when 28 is divided by 4?
0
What is the remainder when 581 is divided by 215?
151
Calculate the remainder when 29 is divided by 12.
5
What is the remainder when 2689 is divided by 9?
7
What is the remainder when 404 is divided by 11?
8
Calculate the remainder when 427 is divided by 24.
19
Calculate the remainder when 54 is divided by 42.
12
What is the remainder when 385 is divided by 125?
10
What is the remainder when 3837 is divided by 20?
17
What is the remainder when 1439 is divided by 160?
159
What is the remainder when 1187 is divided by 22?
21
Calculate the remainder when 124 is divided by 104.
20
What is the remainder when 72 is divided by 37?
35
Calculate the remainder when 84 is divided by 32.
20
Calculate the remainder when 1655 is divided by 29.
2
Calculate the remainder when 656 is divided by 66.
62
Calculate the remainder when 419 is divided by 125.
44
Calculate the remainder when 153 is divided by 116.
37
What is the remainder when 1044 is divided by 55?
54
Calculate the remainder when 139 is divided by 14.
13
What is the remainder when 829 is divided by 22?
15
Calculate the remainder when 141 is divided by 45.
6
Calculate the remainder when 3077 is divided by 16.
5
Calculate the remainder when 200 is divided by 49.
4
What is the remainder when 1195 is divided by 588?
19
Calculate the remainder when 152 is divided by 138.
14
Calculate the remainder when 9340 is divided by 6.
4
Calculate the remainder when 20950 is divided by 287.
286
What is the remainder when 1778 is divided by 35?
28
What is the remainder when 46164 is divided by 82?
80
Calculate the remainder when 283 is divided by 48.
43
What is the remainder when 4997 is divided by 50?
47
What is the remainder when 428 is divided by 43?
41
Calculate the remainder when 5329 is divided by 26.
25
Calculate the remainder when 2487 is divided by 83.
80
Calculate the remainder when 168 is divided by 77.
14
What is the remainder when 126 is divided by 32?
30
Calculate the remainder when 300 is divided by 45.
30
Calculate the remainder when 114 is divided by 21.
9
What is the remainder when 729 is divided by 74?
63
What is the remainder when 35 is divided by 34?
1
Calculate the remainder when 5621 is divided by 37.
34
Calculate the remainder when 106 is divided by 32.
10
Calculate the remainder when 340 is divided by 7.
4
What is the remainder when 10887 is divided by 90?
87
What is the remainder when 486 is divided by 38?
30
Calculate the remainder when 476 is divided by 12.
8
Calculate the remainder when 34 is divided by 28.
6
Calculate the remainder when 8311 is divided by 1384.
7
Calculate the remainder when 247 is divided by 42.
37
What is the remainder when 187 is divided by 176?
11
What is the remainder when 29 is divided by 28?
1
What is the remainder when 30 is divided by 3?
0
What is the remainder when 579 is divided by 53?
49
What is the remainder when 241 is divided by 25?
16
Calculate the remainder when 215 is divided by 104.
7
What is the remainder when 203 is divided by 14?
7
Calculate the remainder when 873 is divided by 46.
45
What is the remainder when 668 is divided by 25?
18
Calculate the remainder when 1814 is divided by 20.
14
Calculate the remainder when 41 is divided by 12.
5
Calculate the remainder when 94 is divided by 84.
10
Calculate the remainder when 246 is divided by 25.
21
Calculate the remainder when 15238 is divided by 20.
18
Calculate the remainder when 137 is divided by 26.
7
Calculate the remainder when 690 is divided by 246.
198
Calculate the remainder when 327 is divided by 31.
17
Calculate the remainder when 101 is divided by 42.
17
Calculate the remainder when 486 is divided by 72.
54
Calculate the remainder when 645 is divided by 243.
159
Calculate the remainder when 77 is divided by 56.
21
Calculate the remainder when 94 is divided by 44.
6
Calculate the remainder when 1097 is divided by 61.
60
Calculate the remainder when 425 is divided by 415.
10
Calculate the remainder when 258 is divided by 145.
113
Calculate the remainder when 30 is divided by 14.
2
Calculate the remainder when 122 is divided by 5.
2
Calculate the remainder when 268 is divided by 68.
64
Calculate the remainder when 349 is divided by 20.
9
Calculate the remainder when 74 is divided by 19.
17
Calculate the remainder when 97016 is divided by 439.
436
Calculate the remainder when 596 is divided by 30.
26
Calculate the remainder when 458 is divided by 49.
17
What is the remainder when 24097 is divided by 11?
7
Calculate the remainder when 77 is divided by 46.
31
Calculate the remainder when 1067 is divided by 179.
172
Calculate the remainder when 674 is divided by 237.
200
Calculate the remainder when 37 is divided by 14.
9
What is the remainder when 921 is divided by 212?
73
Calculate the remainder when 239 is divided by 27.
23
What is the remainder when 175 is divided by 97?
78
What is the remainder when 1973 is divided by 86?
81
Calculate the remainder when 206 is divided by 46.
22
What is the remainder when 373 is divided by 17?
16
Calculate the remainder when 7819 is divided by 9.
7
Calculate the remainder when 1071 is divided by 35.
21
Calculate the remainder when 145 is divided by 52.
41
What is the remainder when 678 is divided by 61?
7
What is the remainder when 136 is divided by 65?
6
What is the remainder when 226 is divided by 39?
31
What is the remainder when 206 is divided by 10?
6
Calculate the remainder when 233 is divided by 83.
67
Calculate the remainder when 1689 is divided by 14.
9
What is the remainder when 29901 is divided by 168?
165
Calculate the remainder when 118 is divided by 81.
37
What is the remainder when 4900 is divided by 140?
0
Calculate the remainder when 1024 is divided by 12.
4
Calculate the remainder when 329 is divided by 67.
61
Calculate the remainder when 224 is divided by 40.
24
Calculate the remainder when 713 is divided by 232.
17
Calculate the remainder when 4352 is divided by 67.
64
What is the remainder when 203 is divided by 32?
11
Calculate the remainder when 42 is divided by 4.
2
Calculate the remainder when 394 is divided by 57.
52
Calculate the remainder when 1417 is divided by 142.
139
Calculate the remainder when 23 is divided by 13.
10
Calculate the remainder when 755 is divided by 14.
13
What is the remainder when 50 is divided by 26?
24
What is the remainder when 19 is divided by 6?
1
Calculate the remainder when 1195 is divided by 8.
3
What is the remainder when 2202 is divided by 29?
27
Calculate the remainder when 56 is divided by 33.
23
Calculate the remainder when 47 is divided by 12.
11
Calculate the remainder when 1330 is divided by 36.
34
What is the remainder when 2121 is divided by 6?
3
What is the remainder when 279 is divided by 47?
44
Calculate the remainder when 1757 is divided by 9.
2
What is the remainder when 559 is divided by 191?
177
Calculate the remainder when 2717 is divided by 9.
8
Calculate the remainder when 495 is divided by 102.
87
What is the remainder when 22 is divided by 8?
6
What is the remainder when 187 is divided by 65?
57
Calculate the remainder when 405 is divided by 34.
31
Calculate the remainder when 16997 is divided by 136.
133
Calculate the remainder when 25188 is divided by 8.
4
What is the remainder when 723 is divided by 356?
11
Calculate the remainder when 1233 is divided by 21.
15
What is the remainder when 11 is divided by 7?
4
Calculate the remainder when 89 is divided by 48.
41
Calculate the remainder when 1863 is divided by 34.
27
Calculate the remainder when 139 is divided by 11.
7
What is the remainder when 398 is divided by 19?
18
What is the remainder when 794 is divided by 298?
198
Calculate the remainder when 399 is divided by 25.
24
Calculate the remainder when 102 is divided by 23.
10
Calculate the remainder when 36 is divided by 13.
10
What is the remainder when 323 is divided by 41?
36
Calculate the remainder when 264 is divided by 29.
3
What i